
591
What is the remainder when 87716 is divided by 378?
20
What is the remainder when 470178 is divided by 154?
16
Calculate the remainder when 124266871 is divided by 31066717.
3
What is the remainder when 14333815 is divided by 2091?
10
What is the remainder when 9906484 is divided by 100?
84
What is the remainder when 59320 is divided by 11?
8
Calculate the remainder when 151111 is divided by 1481.
49
What is the remainder when 1964284 is divided by 196411?
174
Calculate the remainder when 5658791 is divided by 226348.
91
Calculate the remainder when 112003 is divided by 1837.
1783
Calculate the remainder when 192540 is divided by 177.
141
What is the remainder when 4580261 is divided by 2179?
3
What is the remainder when 1196466 is divided by 398791?
93
Calculate the remainder when 120153877 is divided by 10012823.
1
Calculate the remainder when 421272 is divided by 801.
747
Calculate the remainder when 211330 is divided by 1390.
50
Calculate the remainder when 3847504 is divided by 107.
105
Calculate the remainder when 301713 is divided by 15000.
1713
Calculate the remainder when 1289796 is divided by 10400.
196
Calculate the remainder when 10023956 is divided by 715996.
12
Calculate the remainder when 382556 is divided by 182.
174
What is the remainder when 102748 is divided by 1473?
1111
Calculate the remainder when 445457 is divided by 24.
17
Calculate the remainder when 2501231 is divided by 1999.
482
What is the remainder when 8368371 is divided by 119548?
11
What is the remainder when 6953293 is divided by 1329?
1294
Calculate the remainder when 37997 is divided by 2235.
2
What is the remainder when 1809501 is divided by 1498?
1415
What is the remainder when 9710795 is divided by 1566?
29
What is the remainder when 819967 is divided by 337?
46
Calculate the remainder when 6306205 is divided by 1611.
751
Calculate the remainder when 16273413 is divided by 927.
855
What is the remainder when 2408240 is divided by 7?
2
Calculate the remainder when 24131609 is divided by 3121.
37
What is the remainder when 92112 is divided by 1563?
1458
What is the remainder when 8646932 is divided by 176468?
0
What is the remainder when 1971581851 is divided by 2318?
2315
Calculate the remainder when 34711585 is divided by 17.
16
Calculate the remainder when 1362995 is divided by 96.
83
Calculate the remainder when 224024 is divided by 74660.
44
What is the remainder when 1584782 is divided by 904?
70
What is the remainder when 5944206 is divided by 2972101?
4
What is the remainder when 4639917 is divided by 120?
117
What is the remainder when 3953361 is divided by 1922?
1729
What is the remainder when 407798 is divided by 407748?
50
What is the remainder when 30561302 is divided by 51450?
2
Calculate the remainder when 7369785 is divided by 41637.
36
Calculate the remainder when 69341 is divided by 3307.
3201
Calculate the remainder when 765839 is divided by 654.
5
Calculate the remainder when 1007957 is divided by 103.
102
Calculate the remainder when 34750 is divided by 6143.
4035
Calculate the remainder when 32675 is divided by 2704.
227
What is the remainder when 444391 is divided by 1?
0
Calculate the remainder when 2467706 is divided by 636.
26
What is the remainder when 363460 is divided by 1317?
1285
Calculate the remainder when 25175718 is divided by 283.
38
What is the remainder when 7332460 is divided by 379?
326
What is the remainder when 631980 is divided by 1563?
528
What is the remainder when 2955359 is divided by 524?
523
What is the remainder when 8084821 is divided by 22?
19
What is the remainder when 1347829 is divided by 506?
351
Calculate the remainder when 5213526 is divided by 1694.
1088
What is the remainder when 4452406 is divided by 2226149?
108
Calculate the remainder when 3493502 is divided by 873359.
66
What is the remainder when 3799937 is divided by 42?
29
What is the remainder when 495709 is divided by 165219?
52
What is the remainder when 5986796 is divided by 1496696?
12
Calculate the remainder when 170285 is divided by 7401.
62
What is the remainder when 115177 is divided by 28789?
21
Calculate the remainder when 3361055 is divided by 1680526.
3
Calculate the remainder when 84098 is divided by 42034.
30
Calculate the remainder when 14611302 is divided by 39.
30
Calculate the remainder when 14439703 is divided by 3609904.
87
What is the remainder when 2782185 is divided by 21238?
7
What is the remainder when 362733368 is divided by 314327?
10
Calculate the remainder when 46013463 is divided by 26.
15
What is the remainder when 120527 is divided by 120483?
44
Calculate the remainder when 15528048 is divided by 10236.
36
What is the remainder when 7771418 is divided by 16123?
132
What is the remainder when 244835 is divided by 24482?
15
What is the remainder when 1448117 is divided by 144805?
67
Calculate the remainder when 62294611 is divided by 2554.
2551
Calculate the remainder when 24777 is divided by 3511.
200
What is the remainder when 441971 is divided by 83?
79
What is the remainder when 411597 is divided by 3998?
3801
Calculate the remainder when 517123 is divided by 549.
514
What is the remainder when 5195097 is divided by 91?
89
What is the remainder when 154285061 is divided by 73?
72
Calculate the remainder when 48548946 is divided by 8091488.
18
What is the remainder when 164591 is divided by 1980?
251
What is the remainder when 2158685 is divided by 93?
62
What is the remainder when 13098661 is divided by 301?
44
What is the remainder when 6478401 is divided by 2322?
21
Calculate the remainder when 3257437 is divided by 249.
19
Calculate the remainder when 70209 is divided by 2734.
1859
What is the remainder when 551093 is divided by 801?
5
Calculate the remainder when 504887 is divided by 504796.
91
What is the remainder when 134103 is divided by 8609?
4968
What is the remainder when 103674 is divided by 2514?
600
What is the remainder when 108950 is divided by 2071?
1258
Calculate the remainder when 73900718 is divided by 17.
1
What is the remainder when 69366 is divided by 84?
66
Calculate the remainder when 44952819 is divided by 481.
2
Calculate the remainder when 971905 is divided by 147.
88
What is the remainder when 90309 is divided by 895?
809
Calculate the remainder when 1306243 is divided by 1453.
1449
What is the remainder when 431317 is divided by 413?
145
Calculate the remainder when 1164517 is divided by 2329.
17
Calculate the remainder when 68859 is divided by 17180.
139
What is the remainder when 119883 is divided by 116352?
3531
Calculate the remainder when 651186 is divided by 176.
162
Calculate the remainder when 6009079 is divided by 1104.
7
Calculate the remainder when 884766 is divided by 12.
6
Calculate the remainder when 1757302 is divided by 89.
86
Calculate the remainder when 1112057804 is divided by 71.
69
Calculate the remainder when 104622 is divided by 597.
147
Calculate the remainder when 29774 is divided by 28057.
1717
Calculate the remainder when 332581 is divided by 1663.
1644
Calculate the remainder when 7381 is divided by 789.
280
Calculate the remainder when 167558482 is divided by 198529.
6
Calculate the remainder when 10288510 is divided by 5144237.
36
Calculate the remainder when 1847612 is divided by 12154.
204
Calculate the remainder when 55055 is divided by 53901.
1154
What is the remainder when 142614 is divided by 23757?
72
What is the remainder when 1177348 is divided by 515?
58
Calculate the remainder when 123175 is divided by 426.
61
Calculate the remainder when 820154 is divided by 22.
16
What is the remainder when 74781075 is divided by 21?
12
What is the remainder when 5355563 is divided by 63?
59
What is the remainder when 9159414 is divided by 832661?
143
Calculate the remainder when 30931 is divided by 3573.
2347
What is the remainder when 4354314 is divided by 27?
24
Calculate the remainder when 65973781 is divided by 7558.
7557
Calculate the remainder when 5017990 is divided by 185843.
229
What is the remainder when 20550837 is divided by 157?
8
What is the remainder when 3058501 is divided by 1807?
1057
What is the remainder when 1611103 is divided by 26?
13
Calculate the remainder when 84328 is divided by 4444.
4336
What is the remainder whe